{"id":698,"date":"2015-03-10T10:18:24","date_gmt":"2015-03-10T10:18:24","guid":{"rendered":"http:\/\/www.egcomunicacion.es\/politica-de-cookies\/"},"modified":"2015-03-10T10:29:08","modified_gmt":"2015-03-10T10:29:08","slug":"politica-de-cookies","status":"publish","type":"page","link":"https:\/\/egcomunicacion.es\/egcomunicacion\/politica-de-cookies\/","title":{"rendered":"Pol\u00edtica de cookies"},"content":{"rendered":"<div id=\"situacion\">\n<div id=\"pactivo\">\n<h2>COOKIES<\/h2>\n<\/div>\n<\/div>\n<div id=\"contenedor\">\n<p class=\"mensaje\">Este sitio web, al igual que la mayor\u00eda de los sitios en Internet, usa <em>cookies<\/em> para mejorar y optimizar la experiencia del usuario.<\/p>\n<div id=\"recurso\">\n<div id=\"contenido\">\n<div class=\"modulo1\">\n<div class=\"moduloizda\">\n<p>A continuaci\u00f3n encontrar\u00e1 informaci\u00f3n detallada sobre qu\u00e9 son las <em>cookies<\/em>, qu\u00e9 tipo de <em>cookies,<\/em> cu\u00e1les utiliza este sitio web, c\u00f3mo puede desactivarlas en su navegador y c\u00f3mo bloquear espec\u00edficamente la instalaci\u00f3n de <em>cookies<\/em> de terceros.<\/p>\n<h3 class=\"tipo1\">1. \u00bfQu\u00e9 son las <em>cookies<\/em>?<\/h3>\n<p>Las <em>cookies<\/em> son archivos que los sitios web o las aplicaciones instalan en el navegador o en el dispositivo del usuario(smartphone, tablet o televisi\u00f3n conectada) del usuario durante su recorrido por las p\u00e1ginas del sitio o por la aplicaci\u00f3n, y sirven para almacenar informaci\u00f3n sobre su visita.<\/p>\n<p>Como la mayor\u00eda de los sitios en internet, este utiliza <em>cookies<\/em> para:<\/p>\n<ul class=\"tipo1\">\n<li>Asegurar que las p\u00e1ginas web pueden funcionar correctamente.<\/li>\n<li>Almacenar las preferencias, como el idioma que ha seleccionado o el tama\u00f1o de letra.<\/li>\n<li>Conocer la experiencia de navegaci\u00f3n del usuario.<\/li>\n<li>Recopilar informaci\u00f3n estad\u00edstica an\u00f3nima, como qu\u00e9 p\u00e1ginas ha visitado el usuario o cu\u00e1nto tiempo ha permanecido en el sitio web.<\/li>\n<\/ul>\n<p>El uso de <em>cookies<\/em> permite optimizar la navegaci\u00f3n, adaptando la informaci\u00f3n y los servicios ofrecidos a los intereses del usuario, para proporcionarle una mejor experiencia siempre que visita el sitio web.<\/p>\n<p>Este sitio web utiliza <em>cookies<\/em> para funcionar, adaptar y facilitar al m\u00e1ximo la navegaci\u00f3n del usuario.<\/p>\n<h3 class=\"tipo1\">2. Tipolog\u00eda, finalidad y funcionamiento<\/h3>\n<p>Las <em>cookies<\/em>, en funci\u00f3n de su permanencia, pueden dividirse en <strong><em>cookies<\/em> de sesi\u00f3n<\/strong> o <strong>permanentes<\/strong>. Las primeras expiran cuando el usuario cierra el navegador. Las segundas expiran cuando se cumple el objetivo para el que sirven (por ejemplo, para que el usuario se mantenga identificado en el sitio web) o bien cuando se borran manualmente.<\/p>\n<p>Adicionalmente, <strong>en funci\u00f3n de su objetivo<\/strong>, las <em>cookies<\/em> pueden clasificarse de la siguiente forma:<\/p>\n<ul class=\"tipo1\">\n<li><strong>Estrictamente necesarias (t\u00e9cnicas)<\/strong>: Son aquellas imprescindibles para el correcto funcionamiento de la p\u00e1gina. Normalmente se generan cuando el usuario accede al sitio web o inicia sesi\u00f3n en el mismo y se utilizan para identificarle en el sitio web con los siguientes objetivos:\n<ul class=\"tipo1\">\n<li>Mantener al usuario identificado de forma que, si abandona el sitio web, el navegador o el dispositivo y vuelve en otro momento a acceder a dicho sitio web, seguir\u00e1 identificado, facilitando as\u00ed su navegaci\u00f3n sin tener que volver a identificarse.<\/li>\n<li>Comprobar si el usuario est\u00e1 autorizado para acceder a ciertos servicios o zonas del sitio web.<\/li>\n<\/ul>\n<\/li>\n<li><strong>De rendimiento<\/strong>: Se utilizan para mejorar la experiencia de navegaci\u00f3n y optimizar el funcionamiento del sitio web, como por ejemplo, almacenar las configuraciones de servicios, o almacenar la compra realizada en un carrito de la compra.<\/li>\n<li><strong>De publicidad<\/strong>: Son aquellas que recaban informaci\u00f3n sobre los anuncios mostrados a los usuarios del sitio web. Pueden ser de dos tipos:\n<ul class=\"tipo1\">\n<li>An\u00f3nimas: Solo recopilan informaci\u00f3n sobre los espacios publicitarios mostrados en el sitio web, con independencia del usuario que accede al sitio web, es decir, sin identificarlo expresamente.<\/li>\n<li>Personalizadas: Recopilan informaci\u00f3n personal del usuario del sitio web por parte de un tercero, para la personalizaci\u00f3n de dichos espacios publicitarios.<\/li>\n<\/ul>\n<\/li>\n<li><strong>De geo-localizaci\u00f3n<\/strong>: Estas <em>cookies<\/em> se utilizan para averiguar en qu\u00e9 pa\u00eds o regi\u00f3n se encuentra el usuario cuando accede a un servicio del sitio web con el fin de ofrecerle contenidos o servicios adecuados a su localizaci\u00f3n.<\/li>\n<li><strong>De anal\u00edticas<\/strong>: Recopilan informaci\u00f3n sobre la experiencia de navegaci\u00f3n del usuario en el sitio web, normalmente de forma an\u00f3nima, aunque en ocasiones tambi\u00e9n permiten identificar de manera \u00fanica e inequ\u00edvoca al usuario con el fin de obtener informes sobre los intereses de los usuarios en los servicios que ofrece el sitio web.<\/li>\n<\/ul>\n<h3 class=\"tipo1\">3. Deshabilitar el uso de <em>cookies<\/em><\/h3>\n<p>Si el usuario as\u00ed lo desea, es posible dejar de aceptar las <em>cookies<\/em> del navegador, o dejar de aceptar las <em>cookies<\/em> de un servicio en particular.<\/p>\n<p>Todos los navegadores modernos permiten cambiar la configuraci\u00f3n de <em>cookies<\/em>. Estos ajustes normalmente se encuentran en las \u00abOpciones\u00bb o \u00abPreferencias\u00bb del men\u00fa del navegador.<\/p>\n<p>El usuario podr\u00e1, en cualquier momento, deshabilitar el uso de <em>cookies<\/em> en este sitio web mediante:<\/p>\n<ul class=\"tipo1\">\n<li>La configuraci\u00f3n del <strong>navegador<\/strong>, por ejemplo:\n<ul class=\"tipo1\">\n<li><strong>Google Chrome<\/strong>: <a href=\"http:\/\/support.google.com\/chrome\/bin\/answer.py?hl=es&amp;answer=95647\">http:\/\/support.google.com\/chrome\/bin\/answer.py?hl=es&amp;answer=95647<\/a><\/li>\n<li><strong>Internet Explorer<\/strong>: <a href=\"http:\/\/windows.microsoft.com\/es-es\/windows7\/how-to-manage-cookies-in-internet-explorer-9\">http:\/\/windows.microsoft.com\/es-es\/windows7\/how-to-manage-cookies-in-internet-explorer-9<\/a><\/li>\n<li><strong>Mozilla Firefox<\/strong>: <a href=\"http:\/\/support.mozilla.org\/es\/kb\/habilitar-y-deshabilitar-cookies-que-los-sitios-we\">http:\/\/support.mozilla.org\/es\/kb\/habilitar-y-deshabilitar-cookies-que-los-sitios-we<\/a><\/li>\n<li><strong>Apple Safari<\/strong>: <a href=\"http:\/\/support.apple.com\/kb\/ph5042\">http:\/\/support.apple.com\/kb\/ph5042<\/a><\/li>\n<\/ul>\n<\/li>\n<li>Otras <strong>herramientas de terceros<\/strong>, disponibles <em>on-line<\/em>, que permiten a los usuarios detectar las <em>cookies<\/em> en cada sitio web que visita y gestionar su desactivaci\u00f3n (por ejemplo, Ghostery: <a href=\"http:\/\/www.ghostery.com\/privacy-statement\">http:\/\/www.ghostery.com\/privacy-statement<\/a>).<\/li>\n<\/ul>\n<h3 class=\"tipo1\">4. \u00bfQu\u00e9 ocurre al deshabilitar las <em>cookies<\/em>?<\/h3>\n<p>Algunas funcionalidades y servicios pueden quedar deshabilitados o tener un comportamiento diferente al esperado como, por ejemplo, permanecer identificado, mantener las compras en el \u00abcarrito de la compra\u00bb en un servicio de comercio electr\u00f3nico o recibir informaci\u00f3n dirigida a su localizaci\u00f3n, entre otros.<\/p>\n<p>Si deshabilita el uso de <em>cookies<\/em> en este sitio web es probable que deje de poder acceder a ciertas zonas del mismo o que se degrade notablemente la experiencia de navegaci\u00f3n en el mismo.<\/p>\n<h3 class=\"tipo1\">5. <em>Cookies<\/em> utilizadas en este sitio web<\/h3>\n<p>A continuaci\u00f3n se muestra una tabla con las <em>cookies<\/em> utilizadas en este sitio web, incorporando un criterio de \u00abnivel de intrusividad\u00bb apoyado en una escala del 1 al 3, en la que:<\/p>\n<ul class=\"tipo1\">\n<li><strong>Nivel 1<\/strong>: se corresponde con <strong><em>cookies<\/em> estrictamente necesarias<\/strong> para la prestaci\u00f3n del propio servicio solicitado por el usuario.<\/li>\n<li><strong>Nivel 2<\/strong>: se corresponde con <strong><em>cookies<\/em> de rendimiento<\/strong> (an\u00f3nimas) necesarias para el mantenimiento de contenidos y navegaci\u00f3n, de las que solo es necesario informar sobre su existencia.<\/li>\n<li><strong>Nivel 3<\/strong>: se corresponde con <strong><em>cookies<\/em> gestionadas por terceros<\/strong> que permiten el seguimiento del usuario a trav\u00e9s de webs de las que\u00a0<strong>EGCOMUNICACI\u00d3N<\/strong>\u00a0no es titular. Normalmente se corresponden con <strong><em>cookies<\/em> de publicidad<\/strong> o de anal\u00edticas donde se identifica al usuario de manera \u00fanica y evidente.<\/li>\n<\/ul>\n<table width=\"100%\">\n<caption>Tabla de <em>cookies<\/em> utilizadas<\/caption>\n<tbody>\n<tr>\n<th class=\"tipo1\"><em>Cookie<\/em><\/th>\n<th class=\"tipo1\">Duraci\u00f3n<\/th>\n<th class=\"tipo1\">Tipo<\/th>\n<th class=\"tipo1\">Prop\u00f3sito<\/th>\n<th class=\"tipo1\">Intrusividad<\/th>\n<\/tr>\n<tr>\n<td class=\"tipo1\">JSESSIONID<\/td>\n<td class=\"tipo1\">Sesi\u00f3n<\/td>\n<td class=\"tipo1\">T\u00e9cnico<\/td>\n<td class=\"tipo1\">Mantener la sesi\u00f3n de un usuario<\/td>\n<td class=\"tipo1\">Nivel 1<\/td>\n<\/tr>\n<tr>\n<td class=\"tipo1\">_utma<\/td>\n<td class=\"tipo1\">2 a\u00f1os<\/td>\n<td class=\"tipo1\">An\u00e1lisis<\/td>\n<td class=\"tipo1\">Medici\u00f3n interna con Google Analytics<\/td>\n<td class=\"tipo1\">Nivel 3<\/td>\n<\/tr>\n<tr>\n<td class=\"tipo1\">_utmb<\/td>\n<td class=\"tipo1\">30 minutos<\/td>\n<td class=\"tipo1\">An\u00e1lisis<\/td>\n<td class=\"tipo1\">Medici\u00f3n interna con Google Analytics<\/td>\n<td class=\"tipo1\">Nivel 3<\/td>\n<\/tr>\n<tr>\n<td class=\"tipo1\">_utmc<\/td>\n<td class=\"tipo1\">Sesi\u00f3n<\/td>\n<td class=\"tipo1\">An\u00e1lisis<\/td>\n<td class=\"tipo1\">Medici\u00f3n interna con Google Analytics<\/td>\n<td class=\"tipo1\">Nivel 3<\/td>\n<\/tr>\n<tr>\n<td class=\"tipo1\">_utmz<\/td>\n<td class=\"tipo1\">6 meses<\/td>\n<td class=\"tipo1\">An\u00e1lisis<\/td>\n<td class=\"tipo1\">Medici\u00f3n interna con Google Analytics y AdWords<\/td>\n<td class=\"tipo1\">Nivel 3<\/td>\n<\/tr>\n<tr>\n<td class=\"tipo1\">wbc_cookie_accept<\/td>\n<td class=\"tipo1\">Persistente<\/td>\n<td class=\"tipo1\">T\u00e9cnico<\/td>\n<td class=\"tipo1\">Identificar si el usuario acepta el uso de <em>cookies<\/em><\/td>\n<td class=\"tipo1\">Nivel 2<\/td>\n<\/tr>\n<tr>\n<td class=\"tipo1\" valign=\"top\">_atuvc<\/td>\n<td class=\"tipo1\" valign=\"top\">2 a\u00f1os<\/td>\n<td class=\"tipo1\" valign=\"top\">Funcional<\/td>\n<td class=\"tipo1\" valign=\"top\">Utilizada para el correcto funcionamiento de la herramienta addthis<\/td>\n<td class=\"tipo1\" valign=\"top\"><\/td>\n<\/tr>\n<tr>\n<td class=\"tipo1\" valign=\"top\">loc<\/td>\n<td class=\"tipo1\" valign=\"top\">2 a\u00f1os<\/td>\n<td class=\"tipo1\" valign=\"top\">Funcional<\/td>\n<td class=\"tipo1\" valign=\"top\">Utilizada para el correcto funcionamiento de la herramienta addthis<\/td>\n<td class=\"tipo1\" valign=\"top\"><\/td>\n<\/tr>\n<tr>\n<td class=\"tipo1\" valign=\"top\">uid<\/td>\n<td class=\"tipo1\" valign=\"top\">2 a\u00f1os<\/td>\n<td class=\"tipo1\" valign=\"top\">Funcional<\/td>\n<td class=\"tipo1\" valign=\"top\">Utilizada para el correcto funcionamiento de la herramienta addthis<\/td>\n<td class=\"tipo1\" valign=\"top\"><\/td>\n<\/tr>\n<\/tbody>\n<\/table>\n<h3 class=\"tipo1\">6. Garant\u00edas adicionales y revocaci\u00f3n de la aceptaci\u00f3n<\/h3>\n<p><strong><strong>EGCOMUNICACION<\/strong>\u00a0<\/strong>no se hace responsable del contenido y veracidad de las pol\u00edticas de privacidad de los componentes de terceros incluidos en este sitio web.<\/p>\n<p>Como garant\u00eda adicional, el registro de <em>cookies<\/em> en este sitio web podr\u00e1 estar sujeto a la<strong> aceptaci\u00f3n de <em>cookies<\/em><\/strong> por parte del usuario durante la visita al sitio web, la instalaci\u00f3n o puesta al d\u00eda del navegador usado, y esta aceptaci\u00f3n puede en todo momento ser revocada mediante las opciones de configuraci\u00f3n de contenidos y privacidad disponibles ya comentadas en el <strong>punto 3<\/strong> de esta <strong>pol\u00edtica de <em>cookies<\/em><\/strong>, o bien <strong>por medio del enlace situado en la parte inferior de esta p\u00e1gina<\/strong>, una vez hayan sido aceptadas o rechazadas.<\/p>\n<h3 class=\"tipo1\">7. Actualizaci\u00f3n de la pol\u00edtica de <em>cookies<\/em><\/h3>\n<p><strong>EGCOMUNICACION<\/strong>\u00a0puede modificar esta <strong>pol\u00edtica de <em>cookies<\/em><\/strong> en funci\u00f3n de exigencias legislativas, reglamentarias, o con la finalidad de adaptar dicha pol\u00edtica a las instrucciones dictadas por la Agencia Espa\u00f1ola de Protecci\u00f3n de Datos, por ello se aconseja a los usuarios que la visiten peri\u00f3dicamente.<\/p>\n<p>Cuando se produzcan cambios significativos en esta <strong>pol\u00edtica de <em>cookies<\/em><\/strong>, se comunicar\u00e1 a los usuarios bien mediante la web o a trav\u00e9s de correo electr\u00f3nico a los usuarios registrados.<\/p>\n<\/div>\n<\/div>\n<\/div>\n<\/div>\n<\/div>\n","protected":false},"excerpt":{"rendered":"<p>COOKIES Este sitio web, al igual que la mayor\u00eda de los sitios en Internet, usa cookies para mejorar y optimizar la experiencia del usuario. A continuaci\u00f3n encontrar\u00e1 informaci\u00f3n detallada sobre qu\u00e9 son las cookies, qu\u00e9 tipo de cookies, cu\u00e1les utiliza este sitio web, c\u00f3mo puede desactivarlas en su navegador y c\u00f3mo bloquear espec\u00edficamente la instalaci\u00f3n [&hellip;]<\/p>\n","protected":false},"author":2,"featured_media":0,"parent":0,"menu_order":0,"comment_status":"closed","ping_status":"closed","template":"","meta":{"_et_pb_use_builder":"","_et_pb_old_content":"","_et_gb_content_width":"","footnotes":""},"class_list":["post-698","page","type-page","status-publish","hentry"],"_links":{"self":[{"href":"https:\/\/egcomunicacion.es\/egcomunicacion\/wp-json\/wp\/v2\/pages\/698","targetHints":{"allow":["GET"]}}],"collection":[{"href":"https:\/\/egcomunicacion.es\/egcomunicacion\/wp-json\/wp\/v2\/pages"}],"about":[{"href":"https:\/\/egcomunicacion.es\/egcomunicacion\/wp-json\/wp\/v2\/types\/page"}],"author":[{"embeddable":true,"href":"https:\/\/egcomunicacion.es\/egcomunicacion\/wp-json\/wp\/v2\/users\/2"}],"replies":[{"embeddable":true,"href":"https:\/\/egcomunicacion.es\/egcomunicacion\/wp-json\/wp\/v2\/comments?post=698"}],"version-history":[{"count":2,"href":"https:\/\/egcomunicacion.es\/egcomunicacion\/wp-json\/wp\/v2\/pages\/698\/revisions"}],"predecessor-version":[{"id":700,"href":"https:\/\/egcomunicacion.es\/egcomunicacion\/wp-json\/wp\/v2\/pages\/698\/revisions\/700"}],"wp:attachment":[{"href":"https:\/\/egcomunicacion.es\/egcomunicacion\/wp-json\/wp\/v2\/media?parent=698"}],"curies":[{"name":"wp","href":"https:\/\/api.w.org\/{rel}","templated":true}]}}